0. Suppose -a - 3*a + 20 = b. Calculate the remainder when 13 is divided by a.
3
Let h(i) = -i**3 - i**2 + 3*i. Let f be h(-3). Suppose 4*l - 29 = -f. Let b = l + 11. What is the remainder when b is divided by 6?
4
Let h = 17 + -15. Suppose 5*v - h*v - 63 = 2*x, x = -v + 26. Calculate the remainder when v is divided by 5.
3
Let x(t) = 2*t + 2. Let k be x(2). Suppose -k*f + 10 = -f. Calculate the remainder when 5 is divided by f.
1
Suppose 2*r + 94 - 8 = 0. Calculate the remainder when (r/2)/((-1)/2) is divided by (45/(-6))/(1/(-2)).
13
Let w(z) be the first derivative of -z**4/4 - z**3/3 + z**2 - 4*z + 1. Let d = -98 + 112. What is the remainder when d is divided by w(-3)?
6
Let m be 6/(-2)*(-3)/3. What is the remainder when 28 + (2 - m)*-2 is divided by 8?
6
Let q(o) = o**3 - 4*o**2 + 2*o - 2. Let a be q(2). Let w be (-6)/9 - 94/a. Calculate the remainder when 7 is divided by 6/(-15) + 51/w.
1
Let d be (6/(-9))/((-2)/(-3)). Let y = 12 - d. Suppose -4*f + 2*w + 102 = 0, -f - 3*w + 12 + 10 = 0. Calculate the remainder when f is divided by y.
12
Suppose -5*y + 3*z + 8 + 36 = 0, -5*y - 2*z + 54 = 0. Let b = -3 + y. What is the remainder when 32 is divided by b?
4
Let s(j) = -j + 2. Let x be s(6). Let z be (x - -2 - -2) + -6. What is the remainder when 32 is divided by z/(-39) + (-438)/(-26)?
15
Let k be (28/35)/(4/150). Let j = k - 13. What is the remainder when j is divided by 10?
7
Let y be 2/(-3) + 16/24. Suppose y*r + 2*r = 6. What is the remainder when 5 is divided by r?
2
Let g = -14 + 26. What is the remainder when 34 is divided by (-1)/(-2 - (-23)/g)?
10
Let v be 63/2*(-6 - -8). Suppose -3*u + 2*o + v = 0, -4*u = 2*o - 15 - 55. What is the remainder when u is divided by 8?
3
Suppose 20 = -z + 2*z. What is the remainder when 77 is divided by z?
17
Let l = -22 - -49. What is the remainder when 106 is divided by l?
25
Let y = 25 - 16. Calculate the remainder when 33 is divided by y.
6
Let h(g) = 2*g**2 - 13. Calculate the remainder when h(-8) is divided by 29.
28
Let a be -7 - -5 - (-24 + -2). What is the remainder when 14 is divided by (a/28)/((-1)/(-7))?
2
Let l(k) = -5*k**2 + 6 - 7*k - 2*k**3 + 3*k**2 + 3*k**3. Calculate the remainder when l(5) is divided by 16.
14
Suppose 0 = -s + 3*s - 28. Calculate the remainder when 25 is divided by s.
11
Let d = 70 + -50. What is the remainder when 97 is divided by d?
17
Suppose -3*o = -21 + 9. Suppose -3*n = o*g - 8*n - 54, -2*g + 12 = 5*n. Calculate the remainder when g is divided by 7.
4
Let q be (-6 - -12)*1/(-2). What is the remainder when 14 is divided by 4/1 + q/(-3)?
4
Let i = 2 + -1. Let v(h) be the third derivative of -h**6/120 - 11*h**5/60 + h**3/6 + h**2. What is the remainder when v(-11) is divided by i?
0
Suppose -6 = -4*r + 82. Calculate the remainder when r is divided by 5 + -3 + (-30)/(-3).
10
Suppose 2*c + 5 = 3*d - 32, c + 35 = 3*d. Calculate the remainder when 18 is divided by d.
7
Let o = -15 + 25. Calculate the remainder when 17 is divided by o.
7
Suppose -10 = 2*s + 4*f, -3*f + 9 = 5*s - 1. Let y = 0 - -2. Suppose -y*n = -3*w - 30, 0*n - s*w - 47 = -3*n. Calculate the remainder when 24 is divided by n.
6
Suppose 3*n - 31 = 2*n - w, 0 = 4*w - 12. Suppose 0 = -2*m + 2*o + 62 + n, -2*o = 5*m - 218. Calculate the remainder when m is divided by 15.
14
Let h be (-33)/(-1) + (17 - 17). Suppose -5*n = -4*y + h, 0*n = 5*y - 3*n - 51. Calculate the remainder when y is divided by 5.
2
Let i(s) = s**2 + 2*s + 1. Let k be i(2). Let y = k - 6. Calculate the remainder when 11 is divided by y.
2
Suppose -2*z - b + 2 = 0, 0 = -4*z - 0*b - b + 8. Suppose 0 = -0*f - z*f + 99. Calculate the remainder when f is divided by (-33)/(-2) - 1/(-2).
16
Let j be (4/6)/((-18)/(-783)). Suppose 3*s - p - 33 = 0, 3*p = 3*s - s - j. Let x = -22 + 40. Calculate the remainder when x is divided by s.
8
Suppose 2*r = 6 - 24. Let n = r + 22. What is the remainder when 25 is divided by n?
12
Suppose 2*w - 5 = -3*b, -2*b = b + 5*w - 8. Let y = 6 - b. Calculate the remainder when 9 is divided by y.
4
Suppose -16*d + 375 = 9*d. Let y(u) = u**3 - 7*u**2 + 6*u + 8. What is the remainder when d is divided by y(6)?
7
Suppose 6*c = 2*c + 20. Suppose 19 = s + c. Suppose -10 = 3*a - 88. What is the remainder when a is divided by s?
12
Let y(w) = -w**3 + 5*w**2 + w - 3. Let x be y(5). Suppose 12 = c + x. Calculate the remainder when 38 is divided by c.
8
Suppose 1430 = 5*d - 295. Let s = 535 - d. Suppose -3*x + 118 = 4*z, -z - 4*z + s = 5*x. What is the remainder when x is divided by 18?
16
Suppose -i + 55 = 39. What is the remainder when 62 is divided by i?
14
Let j(x) = 5*x**2 + 15*x + 7. Calculate the remainder when j(-6) is divided by 10.
7
Let l be (18/(-21) - 0)*-7. Let h = 5 + l. Calculate the remainder when 20 is divided by h.
9
Let z be (-44)/(-8) - (-1)/2. Let n be (z + -1)*12/(-10). Let d(t) = t**3 + 7*t**2 + 3*t - 4. Calculate the remainder when 41 is divided by d(n).
13
Suppose 2*p = -u + 8 + 449, 4 = -4*u. Let s = -16 + 27. Calculate the remainder when 4/22 - p/(-11) is divided by s.
10
Suppose 0 = -0*g + 5*g - 15. Suppose 24 = 2*i - m, -22 + 65 = g*i - 5*m. Let v(r) = r + 27. Calculate the remainder when v(-8) is divided by i.
8
Let c(s) = -s**2 - 4*s + 2. Let z be c(-4). Suppose 42 = 3*g + h - 15, 5*g - 96 = -z*h. Calculate the remainder when g is divided by 5.
3
Let r(i) = 2*i**2 + 9*i - 9. Let p be r(-7). What is the remainder when 50 is divided by p/(5/((-20)/(-8)))?
11
Suppose -2 = t - 3. Let z(m) = 21*m**2 + 8*m - 3 - 20*m**2 + 5. What is the remainder when z(-8) is divided by t?
0
Suppose t - 4*b - 35 = -0*t, -t - b = -35. What is the remainder when 67 is divided by t?
32
Suppose 9*i - 8*i - 18 = 0. What is the remainder when 71 is divided by i?
17
Let h(a) = a - 3. Suppose -16 = 5*w - 116. Suppose -o = 3*o - w. What is the remainder when o is divided by h(5)?
1
Suppose -4*l = 4*h - 120, 3*h - 115 = l - 21. Let b(n) = n**2 - 5*n + 2. Calculate the remainder when h is divided by b(7).
15
Let l = -12 + 14. Suppose 4*h - l*h = 3*i + 9, -2*h = -i - 11. Calculate the remainder when 29 is divided by h.
5
Let c be 63/4 - (-15)/(-20). Let y = -9 + c. Calculate the remainder when 22 is divided by y.
4
Let j(q) = -q**2 + 3*q + 5. Suppose -5*g + 8 + 27 = 4*a, -16 = -2*g - 2*a. Let r be (-2)/3*(-3 - g). Calculate the remainder when 1 is divided by j(r).
0
Let c = -1 + 6. Suppose 85 = -c*m + 330. Calculate the remainder when m is divided by 13.
10
Suppose 3*s - 239 - 190 = -3*y, -3*y - 6 = 0. Calculate the remainder when s is divided by 50.
45
Suppose -4*o + 38 = -10. What is the remainder when o is divided by 3?
0
Let j(o) = -o**2 - 13*o + 23. What is the remainder when 61 is divided by j(-13)?
15
Let q = -152 - -159. What is the remainder when q is divided by 2?
1
Suppose -44*o - 38 = -45*o. Suppose -4*s + 0*s + 596 = 0. What is the remainder when s is divided by o?
35
Let z = 43 + 6. Calculate the remainder when z is divided by 25.
24
Suppose 100 = -2*d + 6*d. Let j be 2/4*12/2. What is the remainder when d is divided by -1 + 15*2/j?
7
Let n = -8 - -15. Let l = n + -5. What is the remainder when (6/4)/(6/8) is divided by l?
0
Suppose 5*j + 4*i - 2*i = 147, -2*j = -i - 57. What is the remainder when 82 is divided by j?
24
Let j(t) = -10*t - 6. Let f(i) be the third derivative of i**5/30 + i**4/24 - i**3/3 + i**2. What is the remainder when f(-4) is divided by j(-2)?
12
Let j = 1 + 9. Suppose 0*x + 5*x - 100 = 0. Suppose 5*z = c + 14, 5*c - c - z = x. What is the remainder when j is divided by c?
4
Let f = 24 - 16. Suppose 4*p + 43 = 167. Calculate the remainder when p is divided by f.
7
Let q = 19 - 35. Let s = q - -23. Calculate the remainder when s is divided by 3.
1
Suppose 0*f - f = -5*l + 59, 6 = 2*l + 4*f. Suppose -4*y = -3*s - 2 - 11, 11 = 4*y - 5*s. Let v = l + y. What is the remainder when 28 is divided by v?
13
Suppose -2*b + 32 = 2*b. Calculate the remainder when 302/8 - (-2)/b is divided by 20.
18
Let w(v) = -v + 0*v + 0*v + 2. Let g(h) = 1. Let t(x) = -7*g(x) + 2*w(x). What is the remainder when 8 is divided by t(-4)?
3
Let b(u) = 2*u**2 + 4*u + 5. What is the remainder when b(6) is divided by 15?
11
Let q = -1 - -2. Let y(j) = -j**2 - 3*j + 10. Let m be y(2). Let g = q + m. Calculate the remainder 